Suppose -156*c - 133*c = 3468. Determine v(c).
-16
Let i(q) = -q**2 - q + 1. Let z(h) = -h**3 - 5*h**2 - 9*h + 8. Let r be (8/(-10) - 0)/(82/(-615)). Let v(o) = r*i(o) - z(o). Give v(2).
8
Let z(i) be the first derivative of 7*i**4/4 - i**3/3 + i**2/2 - i - 354. Give z(1).
6
Let d be (-105)/21 - (2 + -2 - 12). Let y(p) be the first derivative of -p**2/2 + 10*p + 2. Determine y(d).
3
Let i(w) = 18*w + 216. Let s(g) = 2*g - 1. Let j(b) = -i(b) + 6*s(b). Let z be j(-37). Let n(d) = 3*d - 5. Give n(z).
-5
Suppose -o - 2*k = -22 + 17, o + k + 1 = 0. Let n(x) = -11*x + 3. Determine n(o).
80
Let h(v) = -33*v - 202. Let x(w) = -191*w - 1212. Let p(c) = 23*h(c) - 4*x(c). Determine p(-41).
-3
Let y(o) = -848 + 2543 - 847 - o - 841 + 2*o. Determine y(14).
21
Let y = -5723 + 5721. Let j(a) = -a**2 + a - 1. Let x be j(3). Let g(u) = 7. Let i(p) = -p + 6. Let f(q) = x*i(q) + 6*g(q). Calculate f(y).
-14
Let g(p) = 2 - p + p**2 + 0*p - 6*p. Suppose -5*r - 399 = -2*r. Let c = r - -137. Calculate g(c).
-10
Let m(x) be the third derivative of 0 - 3/40*x**5 + x**2 - 1/720*x**6 + 0*x**3 + 1/3*x**4 + 0*x. Let o(t) be the second derivative of m(t). Determine o(-7).
-2
Let q(u) = 23*u - 108. Let x(r) = -11*r + 51. Let s(h) = 3*q(h) + 7*x(h). What is s(4)?
1
Let w(p) be the third derivative of p**5/30 - p**3/6 + 1193*p**2. Calculate w(-1).
1
Let x(u) be the first derivative of 13*u**4/4 + u**3/3 + u**2 + u + 38. Suppose 44*h + 4 = 45*h. Let m be 55/(-20) - -2 - 1/h. What is x(m)?
-13
Let q(l) = 10*l + 16*l + 29*l - 52*l + 19*l - 2*l**2 - 2. Give q(11).
-2
Suppose o - 7 = 3*v, 0*o + 16 = -2*o - 4*v. Let h = o - -12. Let y(j) = j**2 - 11*j + 10. Let n be y(h). Let u(l) = -l - 2. Give u(n).
-2
Suppose 25 = -3*w + 2*z, -w = 2*w + 3*z + 15. Let d(b) be the second derivative of b**3/3 - 2*b**2 + 2*b - 20. Calculate d(w).
-18
Let r(b) = 3*b**2 - 4. Let d be (4 - 5)/(2/(-16)). Let n(v) = 3*v - 5*v - 1 + 3*v + 7*v**2 - d. Let t(p) = -2*n(p) + 5*r(p). Determine t(4).
6
Let t(j) = -5*j**2 - 3*j - 18. Let i(z) be the third derivative of z**5/60 - z**4/24 + z**3/6 + 126*z**2. Let b(y) = 4*i(y) + t(y). Give b(-6).
-8
Let w(v) = -19*v + 5. Let t = 1833 + -1836. Give w(t).
62
Let h(y) = 0*y - 215 - 361 - 15*y - 2*y - y**2 + 558. Let u be (-15)/(-2)*(0 + -2). Determine h(u).
12
Let g(v) = -v**2 - 9*v - 11. Let u be (6/(-7))/((-9)/(-63)). Let x be g(u). Let y(f) = 10 + 38*f + 39*f - 112*f + 34*f. Calculate y(x).
3
Let b(s) = -14*s**3 - 21*s - 3*s**2 + 20*s + 4*s**2. Suppose -69*a - 18*a + 147 = 60*a. Give b(a).
-14
Let h(b) be the third derivative of 1/6*b**3 - 7*b**2 - 3*b + 1/4*b**5 - 1/12*b**4 + 0. Calculate h(1).
14
Let x(n) = 2*n**2 + 1. Let q(h) = 11*h**2 + 3*h + 11. Let z(y) = q(y) - 6*x(y). Suppose 0 = -t - 3 + 4, -3*l - 5*t + 71 = 0. Let u = 26 - l. Give z(u).
1
Let x(l) = 21*l - 22 - 5*l + 17 + 7. Determine x(-4).
-62
Suppose 0 = -24*o + 19*o + 20. Let g(q) = -4*q**3 + o + 2*q**2 + 6*q**3 - 3*q**3. What is g(3)?
-5
Let u be ((-2)/5)/((-7)/70). Suppose -7 = -u*b - o, -5*b - 5*o + 1 = -4. Let l(z) = 71*z**2 - 2*z + 2 - 2*z + z**3 - 67*z**b. Determine l(-5).
-3
Let t(h) = -8*h - 3. Suppose 4*q + 4*g + 28 = 2*q, 0 = -4*q - 3*g - 36. Let b(j) = j - 1. Let y(n) = q*b(n) - t(n). What is y(8)?
25
Let y = 53 - 51. Let c(m) = 1 - 5 + m + 5*m**2 - 9*m**y + 7*m**2. Let q(h) = h**2 - 2. Let x(i) = c(i) - 4*q(i). Calculate x(-3).
-8
Let k(m) = m**2 + 77*m - 866. Let s be k(10). Let r(g) = g**3 - g**2 - 5*g - 5. What is r(s)?
23
Let r(n) be the first derivative of n**4/6 - 13*n**3/3 - 47*n**2/2 + 212. Let h(b) be the second derivative of r(b). Determine h(7).
2
Let m be ((-5)/3)/((-50)/15 - -3). Let w(u) = -6*u + 17. Give w(m).
-13
Let m(r) = r**3 + 6 + r**3 + 0*r**2 - 10 + 2*r**2 - 2*r. Let h be m(2). Suppose 5*p + h = -4. Let q(b) = b**3 + 4*b**2 - b - 5. Give q(p).
-1
Let w = 5946 + -5946. Let i(s) = -s - 1. Let n(g) = 1 - 3 - 4*g + 2*g + 0. Let t(m) = -9*i(m) + 4*n(m). Calculate t(w).
1
Let h(p) = 2*p + 3. Let j(s) = 2*s + 3. Let v(m) = 5*h(m) - 6*j(m). Let n = 862 + -868. Give v(n).
9
Let w = -83 + 82. Let j be 2/(-4)*8 - w. Let m(z) = -11*z + 3. Let t(f) = 6*f - 1. Let u(b) = j*m(b) - 5*t(b). Determine u(5).
11
Let c(d) = 9*d - 1. Let f(a) = -a**3 + 25*a**2 - 22*a - 47. Suppose 4*w - 66 = 4*x + 18, -123 = -5*w - x. Let u be f(w). Determine c(u).
8
Let r(c) = -2 - 5*c - 6765*c**2 - 6747*c**2 - c + 13500*c**2. Determine r(-2).
-38
Let o be 7*(6 + 4)/(-10) + -8. Let p(g) = g + 7. What is p(o)?
-8
Let q = 495 + -429. Suppose 0 = -62*y + q*y + 36. Let j(v) = v**3 + 9*v**2 + v + 9. Determine j(y).
0
Let q(c) = -3*c**3 - c**2 - 2*c - 2. Let f(y) = 14*y**3 + 18*y**2 + 17*y + 26. Let u(k) = -f(k) - 5*q(k). Calculate u(13).
-107
Suppose 0 = -3*c + c - r + 1, -26 = -2*c + 4*r. Suppose 2 + 4 = c*b. Let n(f) = -5*f + 4. Let k be n(b). Let t(h) = h**3 + 5*h**2 - 4*h - 4. Give t(k).
-16
Suppose 4*f = -8*f + 10*f - 12. Let l(t) = t**2 + 1. Let n(b) = b**3 + 3*b**2 - 7*b - 4. Let x(a) = l(a) + n(a). Determine x(f).
-33
Let s(f) = -4*f**2 + f + 21. Let x be (-4)/28*-7 - 0. Let a(m) = m**2 - 2. Let g(l) = x*s(l) + 5*a(l). Give g(0).
11
Let b(k) = -3*k. Let g(o) = 3786 - 3786 + 14*o. Let w(l) = -9*b(l) - 2*g(l). Determine w(1).
-1
Let w(x) = x**2 + 4*x - 4. Let g be w(-4). Let o(u) be the second derivative of -1/6*u**3 - 1 - 2*u**2 + 24*u. Determine o(g).
0
Let r(i) = -2*i**2 - i + 2. Let c(m) = 11*m**2 + 3*m. Let z(d) = -c(d) - 5*r(d). Calculate z(5).
-25
Suppose 20 = -5*w + 2*a - 7*a, 0 = w + 2*a + 6. Let p(y) = 26*y. Let r(l) = -14*l. Let j(n) = 6*p(n) + 11*r(n). Calculate j(w).
-4
Suppose 2*g - 26 = -4*s, 5 - 41 = -3*g - 3*s. Suppose 3*p = -2*f + 13, p = -5*f + 2 + g. Let o(c) = c**2. What is o(p)?
9
Let c(s) = 5*s**3 + 3*s**2 + 3*s - 324. Let a(n) = -3*n**3 - 2*n**2 - 2*n + 185. Let d(j) = -7*a(j) - 4*c(j). Give d(-3).
-14
Let p(d) = -5*d - 67*d**2 + d**3 + 43*d**2 + 2 + 26*d**2. Calculate p(2).
8
Let q(d) be the first derivative of -17*d**4/24 + d**3/6 + 18*d**2 - 74. Let a(z) be the second derivative of q(z). Determine a(1).
-16
Let a be 595/49 - (-2)/14*-1. Let h(q) = -q + 37. Calculate h(a).
25
Let b = -16 - -18. Suppose -4*h - 3*f = 22, 3*h + b*f = -h - 20. Let x be (h/(-3))/(24/(-9) - -3). Let l(c) = -2*c**2 + 6*c - 5. Determine l(x).
-13
Let b(c) = -6 + 0 + 0 - 3*c. Let u(w) = -81*w - 101. Let m be u(-1). Let x be (444/370)/(3/m). Give b(x).
18
Let l(t) = 0*t**2 + 2*t**3 - 22*t + 0*t**2 - 3*t**2 - 189 + 214 - t**3. Determine l(6).
1
Let r(y) be the first derivative of y**3/3 - 3*y**2/2 - 2*y + 47. Let i be (6/7)/(1/7). Calculate r(i).
16
Let o(z) = -5*z**3 + 4*z + 7*z**2 + 6*z**3 - 6 + 2. Let l = 88 + -88. Suppose 2*v = 4*u - 32, 4*v - u + 15 + 14 = l. Determine o(v).
8
Suppose 11*q = -129 + 30. Let y(i) = 7*i**2 - 11. Let g(t) = 3*t**2 - 5. Let f(a) = q*g(a) + 4*y(a). Give f(3).
10
Let v(n) = 5*n**3 - n**2 + 9*n - 8. Let k(y) = 11*y**3 - 2*y**2 + 19*y - 17. Let d(t) = -6*k(t) + 13*v(t). Let l = -44 + 126. Let a = 84 - l. What is d(a)?
-8
Let i(n) = 9*n + 88. Let x be i(-8). Let p(t) = t**2 - 15*t - 29. Let a be p(x). Let v(f) = f**3 + 13*f**2 + f + 7. What is v(a)?
-6
Let f(q) = q**3 - 4*q**2 + 3*q + 1. Let w = 3965 + -3960. What is f(w)?
41
Let s(h) = h**3 - 119*h**2 + 202 - 58*h + 68*h**2 + 106. Determine s(52).
-4
Let p(s) = -2 + 16*s - 3 - 12*s. Let k(h) = h**3 - 11*h**2 + 14*h + 9. Let y be k(10). Suppose 45*v + 20 = y*v. Determine p(v).
15
Suppose 15*t = 14*t - 15. Let l = 12 + t. Let x(o) = 3*o**3 + 13*o**2 - o - 1. Let f(d) = 2*d**3 + 7*d**2. Let u(q) = l*x(q) + 5*f(q). Give u(3).
3
Let a(y) be the first derivative of -y**2/2 + 2*y - 623. Give a(-6).
8
Suppose -5 + 9 = -4*c. Let y(t) = -50 + 8*t**3 + 142 - 49 - 42 + 2*t**2 + 2*t. Calculate y(c).
-7
Let v(z) = 275 - 82 - 93 - 7*z - 97. Determine v(3).
-18
Let h(r) = r**3 - r. Suppose -4*d - 56 = -3*t, 18 = t + d - 3*d. Suppose -t*v - 4 = -24*v. Determine h(v).
0
Suppose 25*w - 12 = 28*w, -3*d - 32 = 8*w. Let v(f) = 3*f**2 + 0*f**2 + 22 - 2*f**2 - f. Determine v(d).
22
Let m(c) = -1585*c - 9504. Let v be m(-6). Let o(x) = -x**2 + 11*x - 33. Calculate o(v).
-3
Let v(t) = -3*t**3 + 16*t**2 + 6*t. Let r be v(5). Let w(s) = -56*s - 4 + s**2 - 49*s + 165*s - r*s. Determine w(-4).
-8
Let s(v) = v**3 - 5*v**2 - 12*v + 54. Let a be s(3). 